at is 3 + 71774347?
71774352
In base 8, what is -15124 + -14733?
-32057
In base 12, what is -1 - 6a4082?
-6a4083
In base 14, what is -5d4db8 - -3?
-5d4db5
In base 11, what is -43935 - -495?
-43450
In base 4, what is 30200 + 31220020?
31310220
In base 9, what is -5307 + -15475?
-21783
In base 4, what is -33023002 - 202231?
-33231233
In base 4, what is 2110130 - -3310203?
12020333
In base 16, what is -56d9c4 - -6?
-56d9be
In base 6, what is -1012435 + -22111?
-1034550
In base 8, what is 30316 - -1612?
32130
In base 5, what is -23412131 + 4022?
-23403104
In base 8, what is -332 - 70120?
-70452
In base 16, what is 3 + -1184c17?
-1184c14
In base 9, what is 574171 - 101?
574070
In base 13, what is 15194 + 6256?
1b41a
In base 12, what is 27 - 1577367?
-1577340
In base 6, what is -1112 + -321550?
-323102
In base 5, what is -20121 - 11422?
-32043
In base 3, what is 20021102 + -111001200101?
-110211101222
In base 10, what is -3164961 - -4?
-3164957
In base 5, what is -432 - -2313024?
2312042
In base 9, what is -38316404 + 5?
-38316388
In base 16, what is -66fb5908 + 2?
-66fb5906
In base 13, what is 32cab9 + 34?
32cb20
In base 12, what is 1a9579 - 49?
1a9530
In base 4, what is -10 + -21000010100?
-21000010110
In base 10, what is -851 + -331484?
-332335
In base 13, what is 975 + 1441?
20b6
In base 16, what is -d - -2a6a9?
2a69c
In base 6, what is -141 + 102020113?
102015532
In base 16, what is 46f0b3 + 14d?
46f200
In base 13, what is 0 - -28834b4?
28834b4
In base 13, what is b91b3b - -c?
b91b4a
In base 3, what is -212011020012 + -1?
-212011020020
In base 11, what is -2a3 - 148a?
-1782
In base 4, what is -233221002 + -3?
-233221011
In base 7, what is 454 + -343364?
-342610
In base 10, what is 488208 + -1618?
486590
In base 3, what is 2222 - 120012210001?
-120012200002
In base 15, what is -17521 - -31b5?
-1435b
In base 5, what is 130 + 4413120?
4413300
In base 12, what is -7596a04 - -22?
-75969a2
In base 3, what is -1100 - -2122212001?
2122210201
In base 3, what is 2021200212101 - -11120?
2021201000221
In base 11, what is 8 + -1681515?
-1681508
In base 6, what is 24 - -104555033?
104555101
In base 12, what is 38a - -2a55?
3223
In base 11, what is -4 + 3145555?
3145551
In base 7, what is -236630 - -523?
-236104
In base 11, what is 0 - 47339017?
-47339017
In base 14, what is -c5d43 - 86?
-c5dc9
In base 9, what is -17 + 222313?
222285
In base 8, what is -3021507 + -21?
-3021530
In base 7, what is 1614 - 24311?
-22364
In base 5, what is -1143324212233 + 10?
-1143324212223
In base 7, what is 14556605 + -6?
14556566
In base 4, what is -3 + 10202211?
10202202
In base 4, what is -32322021122 + 130?
-32322020332
In base 8, what is 1650 + 36264?
40134
In base 7, what is -522105663 - 3?
-522105666
In base 3, what is -1022022002212111 - 10?
-1022022002212121
In base 10, what is -437 - 290437?
-290874
In base 3, what is -111110 - -21010011021101?
21010010202221
In base 8, what is -7736167 - -301?
-7735666
In base 10, what is 307767 + -629?
307138
In base 5, what is 3 + 304210302?
304210310
In base 12, what is 218a95 - 949?
218148
In base 2, what is 100000101110010 + -1010100000?
11111011010010
In base 6, what is 4 - -254540255?
254540303
In base 5, what is 44234311202 - 0?
44234311202
In base 10, what is -156975191 - -5?
-156975186
In base 4, what is -221 - 1322111100?
-1322111321
In base 6, what is 4450034 - 55?
4445535
In base 13, what is -3 + 36698674?
36698671
In base 8, what is 406201 - -467?
406670
In base 7, what is 1053635 + -3622?
1050013
In base 6, what is -115002334 - 322?
-115003100
In base 3, what is -12 - -22112100100002021?
22112100100002002
In base 9, what is 3 - 587584663?
-587584660
In base 9, what is 2542736 + 122?
2542858
In base 11, what is 773 + aaa?
1772
In base 4, what is -200 - -323022233323?
323022233123
In base 9, what is 3 - -16773626?
16773630
In base 11, what is 60 + 3a141?
3a1a1
In base 12, what is 8 - -283b8a32?
283b8a3a
In base 13, what is 6327 + 3638?
9962
In base 16, what is -47ea + -200?
-49ea
In base 9, what is -157214 - 5050?
-163264
In base 15, what is 955 - -113b?
1a91
In base 9, what is -7 + -405628048?
-405628056
In base 4, what is 10 + -13122232213?
-13122232203
In base 10, what is -476738 - 150?
-476888
In base 16, what is -26b25c - f2?
-26b34e
In base 2, what is 11001110011011000 + 110101110011?
11010101001001011
In base 14, what is 9a - -981c?
98b8
In base 2, what is -1010010011000011111011 + -100?
-1010010011000011111111
In base 16, what is 1275 + -333e?
-20c9
In base 12, what is 17709 + -2?
17707
In base 12, what is 1b0 - -10283?
10473
In base 11, what is -6a66a225 - 4?
-6a66a229
In base 7, what is -4664 + 1124346?
1116352
In base 14, what is 2b - d5853?
-d5826
In base 11, what is 22173 + 8597?
2a75a
In base 14, what is -1161ac4d - -2?
-1161ac4b
In base 9, what is 2 - 8076668?
-8076666
In base 7, what is -23 - -620105?
620052
In base 12, what is 3b6b + -167a8?
-12839
In base 14, what is 6 + 551d7?
551dd
In base 2, what is 1001101111011010001111 - -1011?
1001101111011010011010
In base 7, what is 3164 + -133026?
-126532
In base 14, what is 15b5980 + -3?
15b597b
In base 2, what is 111000 + 11001101110010011?
11001101111001011
In base 5, what is -1104 - 4311310?
-4312414
In base 3, what is 10122 - 11200020?
-11112121
In base 7, what is -121 + -3211266?
-3211420
In base 12, what is -5 - -14a466?
14a461
In base 6, what is 420 + -230011503?
-230011043
In base 16, what is d - -2153a?
21547
In base 12, what is -2 + -402a140?
-402a142
In base 7, what is 4 - -511344043?
511344050
In base 2, what is 1010011101111011010110001 - 0?
1010011101111011010110001
In base 12, what is 4a - 4979b?
-49751
In base 11, what is 10109386 + 42?
10109418
In base 7, what is -4130361 - -203?
-4130155
In base 15, what is -26db56 - -9?
-26db4c
In base 15, what is -458 - 3ad?
-816
In base 14, what is -47b - -1ab47?
1a6aa
In base 8, what is -410 + -32020220?
-32020630
In base 2, what is 1010111 + -101101011001010001100?
-101101011001000110101
In base 16, what is -2 - 302110?
-302112
In base 13, what is 67 + 6b048?
6b0b2
In base 10, what is 4 - -34669125?
34669129
In base 8, what is -13 - 164072?
-164105
In base 6, what is -41354101 - 55?
-41354200
In base 9, what is -4 + 13482266?
13482262
In base 8, what is 4411 - -150605?
155216
In base 2, what is -10101111010100 - -1011001010101?
-1010101111111
In base 2, what is -10000111111101110001110 - 10000?
-10000111111101110011110
In base 10, what is -316 + 32090?
31774
In base 7, what is -1 - -6352003?
6352002
In base 15, what is 487946 + 1?
487947
In base 2, what is -10 - -10000111011001011011110101?
10000111011001011011110011
In base 11, what is 41 + -144776?
-144735
In base 5, what is 2301403 - 23300?
2223103
In base 11, what is -80 + 1027a4?
102724
In base 5, what is -30103041 + -1323?
-30104414
In base 11, what is -7 - -15786062?
15786056
In base 5, what is 14 + 1431304133?
1431304202
In base 5, what is 2313 + 31222023?
31224341
In base 7, what is -1651 + 13166255?
13164304
In base 3, what is -1020000022110022 + 1?
-1020000022110021
In base 11, what is -21232 + -24a1?
-23723
In base 6, what is 1253405 + 10?
1253415
In base 2, what is 11111100 - 10100000001111?
-10011100010011
In base 12, what is 4 + -86a5960?
-86a5958
In base 5, what is 3322 + 201122434?
201131311
In base 3, what is -1202200200020 + -1121?
-1202200201211
In base 5, what is -3313 + 442043331?
442040013
In base 15, what is 1d + -91d7d?
-91d60
In base 2, what is 11011000010100000111110101100 + -10?
11011000010100000111110101010
In base 15, what is -3dd9 + 213d?
-1c9b
In base 14, what is 200ab9c - 2?
200ab9a
In base 4, what is -2032101221123 - -11?
-2032101221112
In base 10, what is 146 + -153335?
-153189
In base 8, what is -4004232 - -370?
-4003642
In base 3, what is -201012001 + 1012220201?
111201200
In base 11, what is 1a + 9155a6?
915615
In base 2, what is -1100000101 - -10010100100101111?
10010011000101010
In base 3, what is -2222000211210 + 11?
-2222000211122
In base 6, what is 45442340521 - 4?
45442340513
In base 2, what is 1 - -110000010001110000000?
110000010001110000001
In base 11, what is 15 + 3965a0?
396605
In base 7, what is 316144156 - 2?
316144154
In base 8, what is -15107313 + 4?
-15107307
In base 10, what is -9751 - -658?
-9